ulate the highest common factor of 2 and w.
2
Let m(u) = u**3 + 13*u**2 + 10*u - 10. Let o be m(-12). What is the greatest common factor of 21 and o?
7
Let v = -22 + 58. Let z be 0 + 0 + 37 + -1. Suppose -v = -3*y + z. What is the highest common divisor of y and 16?
8
Let i(z) = 40*z. Let f be i(1). Let j be 27/(-4) + (-4)/16. Let u(q) = -q**2 - 7*q + 5. Let o be u(j). Calculate the highest common divisor of f and o.
5
Suppose 6 = 4*f - 2*p, 2*f - 2*p - 3 = 5. Let n(w) = 28*w**2 + w + 1. Let i be n(f). Let y = 142 + -72. What is the highest common factor of y and i?
14
Suppose -2*f - 3*q + 4*q + 35 = 0, 0 = -2*f - q + 45. Calculate the highest common divisor of f and 100.
20
Suppose -t + 13 = -4*t + 5*w, 0 = -3*t - 4*w + 5. Let c(q) = 5 - 33*q**3 - 4*q**2 - 4 + 2*q**2. Let j be c(t). Calculate the greatest common factor of 4 and j.
4
Let o be 24/(-16)*(-34)/3. What is the highest common divisor of o and 51?
17
Let q = 29 - -146. What is the greatest common factor of q and 70?
35
Let y(u) = u**3 + 6*u**2 + 2*u + 7. Let v be y(-5). Suppose k + d - 6 = v, -2*d + 23 = k. What is the greatest common divisor of 11 and k?
11
Let r(u) = u + 8. Suppose 5*m - 2*h + 24 = 0, -3*m + 4*h - 30 = 8*h. Let j be r(m). Suppose -w = j*w - 150. What is the greatest common divisor of w and 10?
10
Let r(n) = -n**3 - 7*n**2 - 6*n + 7. Let h be r(-6). What is the highest common factor of 56 and h?
7
Let j(n) = 6*n + 9. Let i be j(-4). Suppose 3*m - 9 = 0, -3 = -a - 4*m - 18. Let q = i - a. Calculate the greatest common factor of q and 60.
12
Let m be (-450)/(-24) + 3/12. What is the greatest common factor of 19 and m?
19
Suppose 11 - 3 = -2*n. Let d(q) = -q**3 - 4*q**2 - 2*q + 1. Let m be d(n). Let u(g) = -g**3 + 99. Let o be u(0). What is the highest common factor of m and o?
9
Let w(b) = b**2 - 4*b + 6. Let j be w(4). Let x(a) = -a**3 + 2*a**2 + a. Let y be x(2). Calculate the greatest common divisor of y and j.
2
Suppose 4*q - 2*q - 22 = 0. Let p be (-16)/(-20)*1*5. Let s be -55*(1 - p/2). Calculate the highest common divisor of q and s.
11
Let d = -1 - -6. Suppose 0 = d*t + 75 - 355. What is the greatest common divisor of t and 14?
14
Let r = -63 - -152. Suppose 5*u - r = 2*p, -2*u + 66 = u + 3*p. What is the highest common divisor of u and 95?
19
Let x be (-5 + 9)/(2/(5*2)). Calculate the highest common factor of 2 and x.
2
Let w(k) = k**2 + 6*k + 7. Let b be w(-5). Suppose -b*d = 2*p + 2, 2*d + p = -0*d + 2. What is the greatest common divisor of 1 and d?
1
Let r = -3 + 9. Suppose f - 4*i = r*f - 7, -3*f = 5*i - 12. Let l be (-3 - (0 - f))*-5. What is the greatest common factor of 30 and l?
10
Let z be ((-7 - -1)*1)/(-2). Suppose 2*v - z - 3 = 0. Suppose 0*i + 4*i = a + 9, -v*i + 4 = 2*a. Calculate the highest common divisor of 6 and i.
2
Let z = 25 + 15. Suppose 11*r = 653 + 7. What is the greatest common divisor of r and z?
20
Let b = 27 + -18. Let u(f) = 21*f - 9. Let g be u(b). Calculate the greatest common divisor of g and 20.
20
Let k(g) = g**3 + 7*g**2 + 2*g - 4. Suppose 0*x = 4*x + 16. Let i be k(x). Let z = 6 + 3. Calculate the greatest common factor of z and i.
9
Suppose 4*t - 344 = -2*m, 4*t - 210 - 138 = -3*m. Calculate the greatest common factor of t and 21.
21
Let k(i) = i**2 + 7*i - 8. Let j be k(-10). Suppose 0*b + b = j. What is the highest common divisor of b and 44?
22
Let z be -1*(0 - 4) - (-2 + -1). Calculate the greatest common factor of z and 98.
7
Let y be 146/4 - 1/2. Let u(r) = -2*r**3 + 1. Let a be u(-1). Suppose -o + a*o = 8. Calculate the greatest common factor of o and y.
4
Suppose -2*m = -77 - 13. What is the greatest common factor of 15 and m?
15
Suppose 0 = -4*o - o + 15. Suppose h - o*h - 6 = 0, -h + 477 = 5*p. What is the highest common factor of 12 and p?
12
Let d(z) = -6*z**3 - 3*z**2 - z - 2. Let s be d(-2). Let w = 2 + 0. Suppose -4*h = 2*x - 14, 2*h + 0 = -w. What is the highest common divisor of x and s?
9
Let m(a) = a**2 + 3*a + 2. Let f be m(8). Let b = -1 + 1. Let v be 21*(b + 6/7). Calculate the highest common factor of f and v.
18
Let c be 2*3*(1 + 0). Calculate the highest common factor of c and 6.
6
Let x(a) be the second derivative of a**4/4 - 3*a. Let u be x(-4). Calculate the highest common divisor of u and 12.
12
Let m(q) = -q - 8. Let y be m(-10). Suppose 202 = 4*b - 5*a, 0*b + y*a = -3*b + 140. Calculate the greatest common divisor of 12 and b.
12
Let b be (-2)/4 - (-21)/2. Suppose 2*y + b = 7*y. Calculate the greatest common divisor of y and 20.
2
Let j be (-26)/(-4) - (-12)/8. Let p(l) = -l**2 - 12*l - 12. Let y be p(-10). What is the greatest common factor of y and j?
8
Suppose 4*y - 5*w + w - 112 = 0, 2*y - 61 = w. Calculate the greatest common factor of y and 33.
33
Suppose 3*k + 2*k + 20 = 0. Let i be k/(-3)*18/(-4). Let c be (-3)/i*(1 - -13). What is the highest common factor of c and 28?
7
Let u(x) be the first derivative of -x**2/2 + 5*x + 2. Let g be u(7). Let i be 1*2/g - -7. What is the greatest common factor of i and 6?
6
Suppose -z + 27 = 4*h, -5*h + 31 = 5*z - z. Let c be ((-18)/4)/(3/(-42)). What is the highest common factor of c and h?
7
Suppose -3*w + 264 = -2*w. Let g = -110 + w. What is the greatest common divisor of 14 and g?
14
Let f = -14 + 17. Calculate the highest common factor of 6 and f.
3
Let x be ((-342)/(-95))/(6/20). Let u = 25 - -59. Calculate the greatest common factor of u and x.
12
Let r = -32 - -40. Suppose 4*q + 5182 = 838. Let t be q/(-15) + 2/(-5). What is the highest common factor of t and r?
8
Suppose 6*g = 2*g - 8. Let m(a) = -a**3 + a - 1. Let b be m(g). Suppose -b*f + 4 = -56. What is the greatest common divisor of 12 and f?
12
Let z be 4/(-14) + 32/14. Let a = 4 - 3. Calculate the highest common divisor of z and a.
1
Suppose 2*f + 33 = -15. Let v be (8/(-6))/((-2)/(-21)). Let c be 21/2*f/v. What is the highest common divisor of c and 126?
18
Suppose 2*l = -0*l - 2*a, -2*l - 3*a = 0. Suppose l = -8*c + 3*c + 85. Calculate the highest common divisor of c and 102.
17
Let v be (-39)/12*2*-4. What is the highest common divisor of v and 208?
26
Suppose -20 - 1 = -3*r. Let c = -6 + r. Suppose -5*f = -f - 36. Calculate the highest common factor of f and c.
1
Let x(o) = -21*o - 4. Let a be x(-4). Let y be 6 + -5 - 9/(-3). Let z be 1/(2*y/80). What is the highest common factor of a and z?
10
Let y(b) = b**3 + 18*b**2 - 19*b + 5. Let w be y(-19). What is the greatest common factor of w and 35?
5
Let k = 42 + -40. Calculate the highest common divisor of k and 22.
2
Let j = 21 + -15. Let r(h) = h**3 + 7*h**2 - 3*h - 9. Let m be r(-7). Calculate the highest common divisor of j and m.
6
Let d be (-1 - 11/(-5))/(22/220). What is the greatest common factor of 40 and d?
4
Let n be (0 - 1) + 37/1. Let y(m) = m**2 - 3*m - 6. Let w be y(6). Suppose u + w = 2*u. What is the greatest common divisor of n and u?
12
Suppose 5*n + 127 = 3*d + 48, 4*d = 5*n + 97. Calculate the greatest common divisor of d and 45.
9
Suppose 11*x + 175 = 16*x. Calculate the highest common divisor of x and 14.
7
Suppose 0 = -3*m + 68 - 14. Let i = -9 + m. What is the highest common divisor of i and 36?
9
Let z = -46 + 76. What is the highest common divisor of 45 and z?
15
Let w(m) = 16*m**3 - m**2 - m - 1. Let t be w(2). What is the greatest common factor of t and 11?
11
Suppose n + 90 = 6*n. Let q(x) = x**2 - x - 8. Let v be q(-4). Calculate the highest common divisor of n and v.
6
Let j be 6*(175/130 + 2/13). What is the greatest common divisor of 9 and j?
9
Suppose d - 5*m + 10*m - 33 = 0, -d + 33 = -2*m. What is the highest common divisor of d and 11?
11
Let m(f) = 2*f**2 - 4*f - 8. Let y be m(-6). Let p = -17 - -28. Let j = -3 + p. What is the greatest common divisor of j and y?
8
Let i(t) be the second derivative of -1/12*t**4 + 1/6*t**3 + 0 + 1/2*t**2 - t. Let p be i(0). What is the greatest common divisor of p and 1?
1
Let v(g) = -8*g + 14. Let h be v(-14). Calculate the greatest common factor of 14 and h.
14
Let o = -90 - -101. Let i be (4 - 0)/2 - 0. Let u = 9 + i. Calculate the highest common factor of u and o.
11
Suppose -o + 0*o = p - 33, -p = -3. What is the highest common factor of o and 5?
5
Let n(x) = x**3 - 7*x**2 + x - 5. Let k be n(7). Calculate the highest common factor of k and 6.
2
Le